{"id":18023,"date":"2023-02-18T10:44:16","date_gmt":"2023-02-18T09:44:16","guid":{"rendered":"https:\/\/merka20.com\/?page_id=18023"},"modified":"2024-11-16T10:06:39","modified_gmt":"2024-11-16T09:06:39","slug":"formacion-para-empresas","status":"publish","type":"page","link":"https:\/\/merka20.com\/formacion-para-empresas\/","title":{"rendered":"Formaci\u00f3n para empresas"},"content":{"rendered":"\n<div class=\"wp-block-group is-layout-constrained wp-block-group-is-layout-constrained\" style=\"margin-top:0rem;margin-bottom:5rem\">\n<h4 class=\"wp-block-heading\"><strong>Elaboraci\u00f3n, coordinaci\u00f3n y gesti\u00f3n de itinerarios formativos, talleres, seminarios y cursos en Social Media.<\/strong><\/h4>\n\n\n\n<h4 class=\"wp-block-heading\"><strong>Experiencia organizativa en&nbsp;<a href=\"https:\/\/web.archive.org\/web\/20230601172429\/https:\/\/grupoforsm.com\/\" target=\"_blank\" rel=\"noreferrer noopener\">Grupo #ForSM<\/a>&nbsp;del que somos fundadores e impulsores.<\/strong><\/h4>\n\n\n\n<p class=\"has-small-font-size wp-block-paragraph\"><strong>Desarrollo de programas integrales de capacitaci\u00f3n en las competencias necesarias para transformar los modelos empresariales existentes, con&nbsp;gran agilida<\/strong>d.<\/p>\n<\/div>\n\n\n\n<div class=\"wp-block-group is-layout-constrained wp-block-group-is-layout-constrained\" style=\"margin-top:5rem;margin-bottom:5rem\">\n<h2 class=\"wp-block-heading is-style-lineseparator has-zeever-primary-color has-text-color has-primary-font-family has-extra-large-font-size\" style=\"margin-top:0;margin-right:0;margin-bottom:5rem;margin-left:0\">Formaci\u00f3n a empresas<\/h2>\n\n\n\n<div class=\"wp-block-columns is-layout-flex wp-container-core-columns-is-layout-7387b849 wp-block-columns-is-layout-flex\">\n<div class=\"wp-block-column is-vertically-aligned-center is-layout-flow wp-block-column-is-layout-flow\">\n<div class=\"wp-block-group is-layout-constrained wp-container-core-group-is-layout-bcc66be2 wp-block-group-is-layout-constrained\">\n<p class=\"has-small-font-size wp-block-paragraph\"><strong>Desarrollamos programas de formaci\u00f3n adaptados a cada empresa.<\/strong><br>Estudiamos tus necesidades, aptitudes individuales, presencia en redes sociales de la organizaci\u00f3n y te ofrecemos un itinerario formativo a medida.<\/p>\n\n\n\n<p class=\"has-small-font-size wp-block-paragraph\">Formadores especializados en distintas \u00e1reas y con experiencia demostrada en formaci\u00f3n a particulares, profesionales independientes y empresas.<\/p>\n<\/div>\n<\/div>\n\n\n\n<div class=\"wp-block-column is-vertically-aligned-center is-layout-flow wp-block-column-is-layout-flow\">\n<figure class=\"wp-block-image size-full\"><img loading=\"lazy\" decoding=\"async\" width=\"685\" height=\"595\" src=\"https:\/\/merka20.com\/wp-content\/uploads\/2023\/02\/formacion-a-empresas.webp\" alt=\"Formadores realizando la formaci\u00f3n a empresas.\" class=\"wp-image-18620\" srcset=\"https:\/\/merka20.com\/wp-content\/uploads\/2023\/02\/formacion-a-empresas.webp 685w, https:\/\/merka20.com\/wp-content\/uploads\/2023\/02\/formacion-a-empresas-300x261.webp 300w\" sizes=\"auto, (max-width: 685px) 100vw, 685px\" \/><\/figure>\n<\/div>\n<\/div>\n<\/div>\n\n\n\n<div class=\"wp-block-group is-layout-constrained wp-block-group-is-layout-constrained\" style=\"margin-top:var(--wp--preset--spacing--60);margin-bottom:var(--wp--preset--spacing--60)\">\n<h2 class=\"wp-block-heading is-style-lineseparator has-zeever-primary-color has-text-color has-primary-font-family has-extra-large-font-size\" style=\"margin-top:0;margin-right:0;margin-bottom:5rem;margin-left:0\">Formaci\u00f3n a directivos<\/h2>\n\n\n\n<div class=\"wp-block-columns are-vertically-aligned-center is-layout-flex wp-container-core-columns-is-layout-7387b849 wp-block-columns-is-layout-flex\">\n<div class=\"wp-block-column is-vertically-aligned-center is-layout-flow wp-block-column-is-layout-flow\">\n<figure class=\"wp-block-image size-full\"><img loading=\"lazy\" decoding=\"async\" width=\"685\" height=\"595\" src=\"https:\/\/merka20.com\/wp-content\/uploads\/2023\/02\/formacion-in-house.webp\" alt=\"\" class=\"wp-image-18624\" srcset=\"https:\/\/merka20.com\/wp-content\/uploads\/2023\/02\/formacion-in-house.webp 685w, https:\/\/merka20.com\/wp-content\/uploads\/2023\/02\/formacion-in-house-300x261.webp 300w\" sizes=\"auto, (max-width: 685px) 100vw, 685px\" \/><\/figure>\n<\/div>\n\n\n\n<div class=\"wp-block-column is-vertically-aligned-center is-layout-flow wp-block-column-is-layout-flow\">\n<h3 class=\"wp-block-heading has-primary-font-family has-large-font-size\"><strong>FORMACI\u00d3N PARA DIRECTIVOS \u00abIN HOUSE\u00bb<\/strong><\/h3>\n\n\n\n<p class=\"has-small-font-size wp-block-paragraph\">Los directivos han de ser los motores que lideren el cambio digital en las organizaciones<strong>.&nbsp;Este liderazgo pasa por la formaci\u00f3n para la adopci\u00f3n de la visi\u00f3n y la cultura digital.<\/strong> Ofrecemos<strong> Formaci\u00f3n individual y personalizada<\/strong> en la propia empresa o despacho profesional. Nos adaptamos a horarios y agenda. <a href=\"Https:\/\/grupoforsm.com\/wp-content\/uploads\/2015\/11\/Captura-de-pantalla-2015-11-14-11.18.301.png\"><\/a> <\/p>\n\n\n\n<p class=\"has-small-font-size wp-block-paragraph\">Clases pr\u00e1cticas de Redes Sociales profesionales: <\/p>\n\n\n\n<ul class=\"wp-block-list\">\n<li><strong>Twitter<\/strong><\/li>\n\n\n\n<li><strong>Linkedin<\/strong><\/li>\n\n\n\n<li><strong>Facebook<\/strong><\/li>\n\n\n\n<li><strong>Herramientas de gesti\u00f3n y medici\u00f3n (Hootsuite)<\/strong><\/li>\n\n\n\n<li><strong>Gesti\u00f3n de WordPress<\/strong><\/li>\n\n\n\n<li><strong>Marca Personal, Reputaci\u00f3n Digital<\/strong><\/li>\n\n\n\n<li><strong>Gesti\u00f3n de crisis<\/strong> <\/li>\n<\/ul>\n<\/div>\n<\/div>\n<\/div>\n\n\n\n<div class=\"wp-block-group is-layout-constrained wp-block-group-is-layout-constrained\" style=\"margin-top:5rem;margin-bottom:0rem\">\n<h2 class=\"wp-block-heading is-style-lineseparator has-zeever-primary-color has-text-color has-primary-font-family has-extra-large-font-size\">\u00bfQuieres mejorar las habilidades de tus empleados y aumentar la productividad en tu empresa? <\/h2>\n\n\n\n<p class=\"has-small-font-size wp-block-paragraph\">En Merka 2.0 ofrecemos itinerarios formativos personalizados para satisfacer las necesidades espec\u00edficas de tu empresa. <\/p>\n\n\n\n<p class=\"has-small-font-size wp-block-paragraph\">Cont\u00e1ctanos hoy mismo para que podamos evaluar tus necesidades y desarrollar una formaci\u00f3n a medida para ti y tu equipo.<\/p>\n\n\n\n<p class=\"has-small-font-size wp-block-paragraph\">Merka 2.0 cuenta con formadores especializados en digitalizaci\u00f3n y formaci\u00f3n a particulares, profesionales independientes y empresas.  <\/p>\n\n\n\n<p class=\"has-small-font-size wp-block-paragraph\"><strong>Consulta, presupuesto y tarifas, sin compromiso.<\/strong><\/p>\n\n\n\n<div class=\"wp-block-buttons is-layout-flex wp-block-buttons-is-layout-flex\">\n<div class=\"wp-block-button is-style-custombuttonborder3\"><a class=\"wp-block-button__link wp-element-button\" href=\"https:\/\/merka20.com\/Contacto\/\">Pide Presupuesto<\/a><\/div>\n<\/div>\n\n\n\n<p class=\"has-tiny-font-size wp-block-paragraph\">Servicio formativo disponible solo para Pamplona y comarca (Navarra). <\/p>\n<\/div>\n","protected":false},"excerpt":{"rendered":"<p>Elaboraci\u00f3n, coordinaci\u00f3n y gesti\u00f3n de itinerarios formativos, talleres, seminarios y cursos en Social Media. Experiencia organizativa en&nbsp;Grupo #ForSM&nbsp;del que somos fundadores e impulsores. Desarrollo de programas integrales de capacitaci\u00f3n en las competencias necesarias para transformar los modelos empresariales existentes, con&nbsp;gran agilidad. Formaci\u00f3n a empresas Desarrollamos programas de formaci\u00f3n adaptados a cada empresa.Estudiamos tus necesidades, aptitudes individuales, presencia en redes sociales de la organizaci\u00f3n y te ofrecemos un itinerario formativo a medida. Formadores especializados en distintas \u00e1reas y con experiencia demostrada en formaci\u00f3n a particulares, profesionales independientes y empresas. Formaci\u00f3n a directivos FORMACI\u00d3N PARA DIRECTIVOS \u00abIN HOUSE\u00bb Los directivos han de<\/p>\n","protected":false},"author":1,"featured_media":0,"parent":0,"menu_order":0,"comment_status":"closed","ping_status":"closed","template":"","meta":{"_crdt_document":"","footnotes":""},"class_list":["post-18023","page","type-page","status-publish","hentry"],"_links":{"self":[{"href":"https:\/\/merka20.com\/api-json\/wp\/v2\/pages\/18023","targetHints":{"allow":["GET"]}}],"collection":[{"href":"https:\/\/merka20.com\/api-json\/wp\/v2\/pages"}],"about":[{"href":"https:\/\/merka20.com\/api-json\/wp\/v2\/types\/page"}],"author":[{"embeddable":true,"href":"https:\/\/merka20.com\/api-json\/wp\/v2\/users\/1"}],"replies":[{"embeddable":true,"href":"https:\/\/merka20.com\/api-json\/wp\/v2\/comments?post=18023"}],"version-history":[{"count":0,"href":"https:\/\/merka20.com\/api-json\/wp\/v2\/pages\/18023\/revisions"}],"wp:attachment":[{"href":"https:\/\/merka20.com\/api-json\/wp\/v2\/media?parent=18023"}],"curies":[{"name":"wp","href":"https:\/\/api.w.org\/{rel}","templated":true}]}}

Formación para empresas

<div class="wp-block-group is-layout-constrained wp-block-group-is-layout-constrained" style="margin-top:0rem;margin-bottom:5rem">
<h4 class="wp-block-heading"><strong>Elaboración, coordinación y gestión de itinerarios formativos, talleres, seminarios y cursos en Social Media.</strong></h4>



<h4 class="wp-block-heading"><strong>Experiencia organizativa en&nbsp;<a href="https://web.archive.org/web/20230601172429/https://grupoforsm.com/" target="_blank" rel="noreferrer noopener">Grupo #ForSM</a>&nbsp;del que somos fundadores e impulsores.</strong></h4>



<p class="has-small-font-size wp-block-paragraph"><strong>Desarrollo de programas integrales de capacitación en las competencias necesarias para transformar los modelos empresariales existentes, con&nbsp;gran agilida</strong>d.</p>
</div>



<div class="wp-block-group is-layout-constrained wp-block-group-is-layout-constrained" style="margin-top:5rem;margin-bottom:5rem">
<h2 class="wp-block-heading is-style-lineseparator has-zeever-primary-color has-text-color has-primary-font-family has-extra-large-font-size" style="margin-top:0;margin-right:0;margin-bottom:5rem;margin-left:0">Formación a empresas</h2>



<div class="wp-block-columns is-layout-flex wp-container-core-columns-is-layout-7387b849 wp-block-columns-is-layout-flex">
<div class="wp-block-column is-vertically-aligned-center is-layout-flow wp-block-column-is-layout-flow">
<div class="wp-block-group is-layout-constrained wp-container-core-group-is-layout-bcc66be2 wp-block-group-is-layout-constrained">
<p class="has-small-font-size wp-block-paragraph"><strong>Desarrollamos programas de formación adaptados a cada empresa.</strong><br>Estudiamos tus necesidades, aptitudes individuales, presencia en redes sociales de la organización y te ofrecemos un itinerario formativo a medida.</p>



<p class="has-small-font-size wp-block-paragraph">Formadores especializados en distintas áreas y con experiencia demostrada en formación a particulares, profesionales independientes y empresas.</p>
</div>
</div>



<div class="wp-block-column is-vertically-aligned-center is-layout-flow wp-block-column-is-layout-flow">
<figure class="wp-block-image size-full"><img loading="lazy" decoding="async" width="685" height="595" src="https://merka20.com/wp-content/uploads/2023/02/formacion-a-empresas.webp" alt="Formadores realizando la formación a empresas." class="wp-image-18620" srcset="https://merka20.com/wp-content/uploads/2023/02/formacion-a-empresas.webp 685w, https://merka20.com/wp-content/uploads/2023/02/formacion-a-empresas-300x261.webp 300w" sizes="auto, (max-width: 685px) 100vw, 685px" /></figure>
</div>
</div>
</div>



<div class="wp-block-group is-layout-constrained wp-block-group-is-layout-constrained" style="margin-top:var(--wp--preset--spacing--60);margin-bottom:var(--wp--preset--spacing--60)">
<h2 class="wp-block-heading is-style-lineseparator has-zeever-primary-color has-text-color has-primary-font-family has-extra-large-font-size" style="margin-top:0;margin-right:0;margin-bottom:5rem;margin-left:0">Formación a directivos</h2>



<div class="wp-block-columns are-vertically-aligned-center is-layout-flex wp-container-core-columns-is-layout-7387b849 wp-block-columns-is-layout-flex">
<div class="wp-block-column is-vertically-aligned-center is-layout-flow wp-block-column-is-layout-flow">
<figure class="wp-block-image size-full"><img loading="lazy" decoding="async" width="685" height="595" src="https://merka20.com/wp-content/uploads/2023/02/formacion-in-house.webp" alt="" class="wp-image-18624" srcset="https://merka20.com/wp-content/uploads/2023/02/formacion-in-house.webp 685w, https://merka20.com/wp-content/uploads/2023/02/formacion-in-house-300x261.webp 300w" sizes="auto, (max-width: 685px) 100vw, 685px" /></figure>
</div>



<div class="wp-block-column is-vertically-aligned-center is-layout-flow wp-block-column-is-layout-flow">
<h3 class="wp-block-heading has-primary-font-family has-large-font-size"><strong>FORMACIÓN PARA DIRECTIVOS «IN HOUSE»</strong></h3>



<p class="has-small-font-size wp-block-paragraph">Los directivos han de ser los motores que lideren el cambio digital en las organizaciones<strong>.&nbsp;Este liderazgo pasa por la formación para la adopción de la visión y la cultura digital.</strong> Ofrecemos<strong> Formación individual y personalizada</strong> en la propia empresa o despacho profesional. Nos adaptamos a horarios y agenda. <a href="Https://grupoforsm.com/wp-content/uploads/2015/11/Captura-de-pantalla-2015-11-14-11.18.301.png"></a> </p>



<p class="has-small-font-size wp-block-paragraph">Clases prácticas de Redes Sociales profesionales: </p>



<ul class="wp-block-list">
<li><strong>Twitter</strong></li>



<li><strong>Linkedin</strong></li>



<li><strong>Facebook</strong></li>



<li><strong>Herramientas de gestión y medición (Hootsuite)</strong></li>



<li><strong>Gestión de WordPress</strong></li>



<li><strong>Marca Personal, Reputación Digital</strong></li>



<li><strong>Gestión de crisis</strong> </li>
</ul>
</div>
</div>
</div>



<div class="wp-block-group is-layout-constrained wp-block-group-is-layout-constrained" style="margin-top:5rem;margin-bottom:0rem">
<h2 class="wp-block-heading is-style-lineseparator has-zeever-primary-color has-text-color has-primary-font-family has-extra-large-font-size">¿Quieres mejorar las habilidades de tus empleados y aumentar la productividad en tu empresa? </h2>



<p class="has-small-font-size wp-block-paragraph">En Merka 2.0 ofrecemos itinerarios formativos personalizados para satisfacer las necesidades específicas de tu empresa. </p>



<p class="has-small-font-size wp-block-paragraph">Contáctanos hoy mismo para que podamos evaluar tus necesidades y desarrollar una formación a medida para ti y tu equipo.</p>



<p class="has-small-font-size wp-block-paragraph">Merka 2.0 cuenta con formadores especializados en digitalización y formación a particulares, profesionales independientes y empresas.  </p>



<p class="has-small-font-size wp-block-paragraph"><strong>Consulta, presupuesto y tarifas, sin compromiso.</strong></p>



<div class="wp-block-buttons is-layout-flex wp-block-buttons-is-layout-flex">
<div class="wp-block-button is-style-custombuttonborder3"><a class="wp-block-button__link wp-element-button" href="https://merka20.com/Contacto/">Pide Presupuesto</a></div>
</div>



<p class="has-tiny-font-size wp-block-paragraph">Servicio formativo disponible solo para Pamplona y comarca (Navarra). </p>
</div>

<p>Elaboración, coordinación y gestión de itinerarios formativos, talleres, seminarios y cursos en Social Media. Experiencia organizativa en&nbsp;Grupo #ForSM&nbsp;del que somos fundadores e impulsores. Desarrollo de programas integrales de capacitación en las competencias necesarias para transformar los modelos empresariales existentes, con&nbsp;gran agilidad. Formación a empresas Desarrollamos programas de formación adaptados a cada empresa.Estudiamos tus necesidades, aptitudes individuales, presencia en redes sociales de la organización y te ofrecemos un itinerario formativo a medida. Formadores especializados en distintas áreas y con experiencia demostrada en formación a particulares, profesionales independientes y empresas. Formación a directivos FORMACIÓN PARA DIRECTIVOS «IN HOUSE» Los directivos han de</p>
